{"id":481,"date":"2023-11-09T12:41:56","date_gmt":"2023-11-09T12:41:56","guid":{"rendered":"https:\/\/www.elkowalsky.com\/?page_id=481"},"modified":"2024-03-21T21:51:25","modified_gmt":"2024-03-21T21:51:25","slug":"hombres-de-negro","status":"publish","type":"page","link":"https:\/\/www.elkowalsky.com\/index.php\/hombres-de-negro\/","title":{"rendered":"Hombres de Negro"},"content":{"rendered":"\n<p class=\"has-text-align-center\">Hombres de Negro es un Podcast de Ivoox Originals, dedicado al mundo del misterio, una nueva forma de ver los casos de ayer y de hoy.<\/p>\n\n\n\n<p class=\"has-text-align-center\"><a href=\"https:\/\/www.ivoox.com\/podcast-hombres-negro_sq_f1626624_1.html\">Puedes escucharnos todas las semanas en IVOOX.<\/a><\/p>\n\n\n<div class=\"wp-block-image\">\n<figure class=\"aligncenter size-full\"><a href=\"https:\/\/www.ivoox.com\/podcast-hombres-negro_sq_f1626624_1.html\"><img fetchpriority=\"high\" decoding=\"async\" width=\"800\" height=\"418\" src=\"https:\/\/www.elkowalsky.com\/wp-content\/uploads\/2023\/11\/F7mY4tjXMAAf7dW.png\" alt=\"\" class=\"wp-image-482\" srcset=\"https:\/\/www.elkowalsky.com\/wp-content\/uploads\/2023\/11\/F7mY4tjXMAAf7dW.png 800w, https:\/\/www.elkowalsky.com\/wp-content\/uploads\/2023\/11\/F7mY4tjXMAAf7dW-324x169.png 324w, https:\/\/www.elkowalsky.com\/wp-content\/uploads\/2023\/11\/F7mY4tjXMAAf7dW-416x217.png 416w, https:\/\/www.elkowalsky.com\/wp-content\/uploads\/2023\/11\/F7mY4tjXMAAf7dW-300x157.png 300w, https:\/\/www.elkowalsky.com\/wp-content\/uploads\/2023\/11\/F7mY4tjXMAAf7dW-768x401.png 768w\" sizes=\"(max-width: 800px) 100vw, 800px\" \/><\/a><\/figure><\/div>\n\n\n<p class=\"has-text-align-center\">El Podcast es dirigido y presentado por Alberto Hern\u00e1ndez, y yo tengo el rol de copresentador, participando activamente en las tertulias semanales del programa. Asimismo, tengo el placer de contar con mi propia secci\u00f3n mensual, la cual lleva por nombre \u00abLEYENDAS VIRALES\u00bb. En este apasionante proyecto, cuento con la compa\u00f1\u00eda y colaboraci\u00f3n de un talentoso equipo compuesto por Joni BL, Miguel \u00c1ngel Linares, Milarca, Gerald Dean, Macarena de Rosa, Christian Campos, Lourdes Miranda, Araknne y Alberto Guzm\u00e1n. Un equipo multidisciplinar que aporta una gran variedad de puntos de vista sobre el mundo del misterio. <\/p>\n\n\n<div class=\"wp-block-image\">\n<figure class=\"aligncenter size-full\"><img decoding=\"async\" width=\"499\" height=\"351\" src=\"https:\/\/www.elkowalsky.com\/wp-content\/uploads\/2023\/11\/Jornada-Misterio-Poza-de-la-Sal.png\" alt=\"\" class=\"wp-image-497\" srcset=\"https:\/\/www.elkowalsky.com\/wp-content\/uploads\/2023\/11\/Jornada-Misterio-Poza-de-la-Sal.png 499w, https:\/\/www.elkowalsky.com\/wp-content\/uploads\/2023\/11\/Jornada-Misterio-Poza-de-la-Sal-324x228.png 324w, https:\/\/www.elkowalsky.com\/wp-content\/uploads\/2023\/11\/Jornada-Misterio-Poza-de-la-Sal-416x293.png 416w, https:\/\/www.elkowalsky.com\/wp-content\/uploads\/2023\/11\/Jornada-Misterio-Poza-de-la-Sal-300x211.png 300w\" sizes=\"(max-width: 499px) 100vw, 499px\" \/><\/figure><\/div>\n\n\n<p class=\"has-text-align-center\">Uno de nuestros proyectos insignia dentro de Hombres de Negro, es la organizaci\u00f3n anual de las Jornadas de Misterio y Enigmas Hist\u00f3ricos de Poza de la Sal. <\/p>\n\n\n\n<div class=\"wp-block-columns is-layout-flex wp-container-core-columns-is-layout-1 wp-block-columns-is-layout-flex\">\n<div class=\"wp-block-column is-layout-flow wp-block-column-is-layout-flow\">\n<figure class=\"wp-block-gallery has-nested-images columns-default is-cropped wp-block-gallery-1 is-layout-flex wp-block-gallery-is-layout-flex\">\n<figure class=\"wp-block-image size-large\"><img decoding=\"async\" width=\"367\" height=\"271\" src=\"https:\/\/www.elkowalsky.com\/wp-content\/uploads\/2023\/11\/magic-internacional-2-4.png\" alt=\"\" class=\"wp-image-511\" srcset=\"https:\/\/www.elkowalsky.com\/wp-content\/uploads\/2023\/11\/magic-internacional-2-4.png 367w, https:\/\/www.elkowalsky.com\/wp-content\/uploads\/2023\/11\/magic-internacional-2-4-324x239.png 324w, https:\/\/www.elkowalsky.com\/wp-content\/uploads\/2023\/11\/magic-internacional-2-4-300x222.png 300w\" sizes=\"(max-width: 367px) 100vw, 367px\" \/><\/figure>\n<\/figure>\n<\/div>\n\n\n\n<div class=\"wp-block-column is-layout-flow wp-block-column-is-layout-flow\">\n<figure class=\"wp-block-gallery has-nested-images columns-default is-cropped wp-block-gallery-2 is-layout-flex wp-block-gallery-is-layout-flex\">\n<figure class=\"wp-block-image size-large\"><img loading=\"lazy\" decoding=\"async\" width=\"369\" height=\"276\" src=\"https:\/\/www.elkowalsky.com\/wp-content\/uploads\/2023\/11\/magic-internacional-5.png\" alt=\"\" class=\"wp-image-510\" srcset=\"https:\/\/www.elkowalsky.com\/wp-content\/uploads\/2023\/11\/magic-internacional-5.png 369w, https:\/\/www.elkowalsky.com\/wp-content\/uploads\/2023\/11\/magic-internacional-5-324x242.png 324w, https:\/\/www.elkowalsky.com\/wp-content\/uploads\/2023\/11\/magic-internacional-5-300x224.png 300w\" sizes=\"(max-width: 369px) 100vw, 369px\" \/><\/figure>\n<\/figure>\n<\/div>\n\n\n\n<div class=\"wp-block-column is-layout-flow wp-block-column-is-layout-flow\">\n<figure class=\"wp-block-gallery has-nested-images columns-default is-cropped wp-block-gallery-3 is-layout-flex wp-block-gallery-is-layout-flex\">\n<figure class=\"wp-block-image size-large\"><img loading=\"lazy\" decoding=\"async\" width=\"369\" height=\"274\" src=\"https:\/\/www.elkowalsky.com\/wp-content\/uploads\/2023\/11\/magic-internacional-1-3.png\" alt=\"\" class=\"wp-image-509\" srcset=\"https:\/\/www.elkowalsky.com\/wp-content\/uploads\/2023\/11\/magic-internacional-1-3.png 369w, https:\/\/www.elkowalsky.com\/wp-content\/uploads\/2023\/11\/magic-internacional-1-3-324x241.png 324w, https:\/\/www.elkowalsky.com\/wp-content\/uploads\/2023\/11\/magic-internacional-1-3-300x223.png 300w\" sizes=\"(max-width: 369px) 100vw, 369px\" \/><\/figure>\n<\/figure>\n<\/div>\n<\/div>\n\n\n\n<p class=\"has-text-align-center\">En Hombres de Negro hemos participado como ponentes en el MAGIC INTERNACIONAL, la feria m\u00e1s importante a nivel europeo de espiritualidad, esoterismo y misterio. En nuestra ponencia logramos llenar uno de los auditorio realizando nuestro podcast en directo delante de m\u00e1s 100 personas.<\/p>\n\n\n<div class=\"wp-block-image\">\n<figure class=\"aligncenter size-full\"><img loading=\"lazy\" decoding=\"async\" width=\"371\" height=\"463\" src=\"https:\/\/www.elkowalsky.com\/wp-content\/uploads\/2023\/11\/hombres-de-negro-en-directo.png\" alt=\"\" class=\"wp-image-512\" srcset=\"https:\/\/www.elkowalsky.com\/wp-content\/uploads\/2023\/11\/hombres-de-negro-en-directo.png 371w, https:\/\/www.elkowalsky.com\/wp-content\/uploads\/2023\/11\/hombres-de-negro-en-directo-324x404.png 324w, https:\/\/www.elkowalsky.com\/wp-content\/uploads\/2023\/11\/hombres-de-negro-en-directo-240x300.png 240w\" sizes=\"(max-width: 371px) 100vw, 371px\" \/><\/figure><\/div>\n\n\n<div class=\"wp-block-columns is-layout-flex wp-container-core-columns-is-layout-2 wp-block-columns-is-layout-flex\">\n<div class=\"wp-block-column is-layout-flow wp-block-column-is-layout-flow\"><div class=\"wp-block-image\">\n<figure class=\"aligncenter size-full\"><img loading=\"lazy\" decoding=\"async\" width=\"371\" height=\"276\" src=\"https:\/\/www.elkowalsky.com\/wp-content\/uploads\/2023\/11\/hombres-de-negro-en-directo-1.png\" alt=\"\" class=\"wp-image-513\" srcset=\"https:\/\/www.elkowalsky.com\/wp-content\/uploads\/2023\/11\/hombres-de-negro-en-directo-1.png 371w, https:\/\/www.elkowalsky.com\/wp-content\/uploads\/2023\/11\/hombres-de-negro-en-directo-1-324x241.png 324w, https:\/\/www.elkowalsky.com\/wp-content\/uploads\/2023\/11\/hombres-de-negro-en-directo-1-300x223.png 300w\" sizes=\"(max-width: 371px) 100vw, 371px\" \/><\/figure><\/div><\/div>\n\n\n\n<div class=\"wp-block-column is-layout-flow wp-block-column-is-layout-flow\"><div class=\"wp-block-image\">\n<figure class=\"aligncenter size-full\"><img loading=\"lazy\" decoding=\"async\" width=\"373\" height=\"277\" src=\"https:\/\/www.elkowalsky.com\/wp-content\/uploads\/2023\/11\/hombres-de-negro-en-directo-2.png\" alt=\"\" class=\"wp-image-514\" srcset=\"https:\/\/www.elkowalsky.com\/wp-content\/uploads\/2023\/11\/hombres-de-negro-en-directo-2.png 373w, https:\/\/www.elkowalsky.com\/wp-content\/uploads\/2023\/11\/hombres-de-negro-en-directo-2-324x241.png 324w, https:\/\/www.elkowalsky.com\/wp-content\/uploads\/2023\/11\/hombres-de-negro-en-directo-2-300x223.png 300w\" sizes=\"(max-width: 373px) 100vw, 373px\" \/><\/figure><\/div><\/div>\n<\/div>\n\n\n\n<p class=\"has-text-align-center\">En Hombres de Negro tambi\u00e9n hemos indicado un proyecto de Podcast en directo en lugares emblem\u00e1ticos, nuestro primer evento se realiz\u00f3 en LA REINA LAGARTA de Madrid, donde realizamos un podcast en directo durante 2h hablando sobre los misterios de Madrid junto a Alberto Hern\u00e1ndez, Joni B.L., Miguel Linares y \u00c1lvaro Anula. <\/p>\n\n\n<div class=\"wp-block-image\">\n<figure class=\"aligncenter size-large is-resized\"><img loading=\"lazy\" decoding=\"async\" width=\"720\" height=\"1024\" src=\"https:\/\/www.elkowalsky.com\/wp-content\/uploads\/2024\/03\/Captura-de-pantalla-2024-03-21-a-las-22.47.30-720x1024.png\" alt=\"\" class=\"wp-image-732\" style=\"aspect-ratio:0.7034938621340887;width:415px;height:auto\" srcset=\"https:\/\/www.elkowalsky.com\/wp-content\/uploads\/2024\/03\/Captura-de-pantalla-2024-03-21-a-las-22.47.30-720x1024.png 720w, https:\/\/www.elkowalsky.com\/wp-content\/uploads\/2024\/03\/Captura-de-pantalla-2024-03-21-a-las-22.47.30-324x461.png 324w, https:\/\/www.elkowalsky.com\/wp-content\/uploads\/2024\/03\/Captura-de-pantalla-2024-03-21-a-las-22.47.30-416x591.png 416w, https:\/\/www.elkowalsky.com\/wp-content\/uploads\/2024\/03\/Captura-de-pantalla-2024-03-21-a-las-22.47.30-211x300.png 211w, https:\/\/www.elkowalsky.com\/wp-content\/uploads\/2024\/03\/Captura-de-pantalla-2024-03-21-a-las-22.47.30-768x1092.png 768w, https:\/\/www.elkowalsky.com\/wp-content\/uploads\/2024\/03\/Captura-de-pantalla-2024-03-21-a-las-22.47.30-1081x1536.png 1081w, https:\/\/www.elkowalsky.com\/wp-content\/uploads\/2024\/03\/Captura-de-pantalla-2024-03-21-a-las-22.47.30-1441x2048.png 1441w, https:\/\/www.elkowalsky.com\/wp-content\/uploads\/2024\/03\/Captura-de-pantalla-2024-03-21-a-las-22.47.30.png 1490w\" sizes=\"(max-width: 720px) 100vw, 720px\" \/><\/figure><\/div>\n\n<div class=\"wp-block-image\">\n<figure class=\"aligncenter size-large is-resized\"><img loading=\"lazy\" decoding=\"async\" width=\"1024\" height=\"745\" src=\"https:\/\/www.elkowalsky.com\/wp-content\/uploads\/2024\/03\/Captura-de-pantalla-2024-03-21-a-las-22.47.21-1024x745.png\" alt=\"\" class=\"wp-image-734\" style=\"aspect-ratio:1.374384236453202;width:415px;height:auto\" srcset=\"https:\/\/www.elkowalsky.com\/wp-content\/uploads\/2024\/03\/Captura-de-pantalla-2024-03-21-a-las-22.47.21-1024x745.png 1024w, https:\/\/www.elkowalsky.com\/wp-content\/uploads\/2024\/03\/Captura-de-pantalla-2024-03-21-a-las-22.47.21-324x236.png 324w, https:\/\/www.elkowalsky.com\/wp-content\/uploads\/2024\/03\/Captura-de-pantalla-2024-03-21-a-las-22.47.21-416x303.png 416w, https:\/\/www.elkowalsky.com\/wp-content\/uploads\/2024\/03\/Captura-de-pantalla-2024-03-21-a-las-22.47.21-300x218.png 300w, https:\/\/www.elkowalsky.com\/wp-content\/uploads\/2024\/03\/Captura-de-pantalla-2024-03-21-a-las-22.47.21-768x559.png 768w, https:\/\/www.elkowalsky.com\/wp-content\/uploads\/2024\/03\/Captura-de-pantalla-2024-03-21-a-las-22.47.21-1536x1118.png 1536w, https:\/\/www.elkowalsky.com\/wp-content\/uploads\/2024\/03\/Captura-de-pantalla-2024-03-21-a-las-22.47.21-2048x1490.png 2048w\" sizes=\"(max-width: 1024px) 100vw, 1024px\" \/><\/figure><\/div>\n\n\n<p class=\"has-text-align-center\">El pasado 9 de marzo de 2024 Hombres de Negro volvimos a nuestra casa madrile\u00f1a LA REINA LAGARTA para celebrar las II CHARLAS de HDN, en esta ocasi\u00f3n contamos con la colaboraci\u00f3n de Mercedes Pullman, \u00c1lvaro Anula y Macarena de Rosa.<\/p>\n","protected":false},"excerpt":{"rendered":"<p>Hombres de Negro es un Podcast de Ivoox Originals, dedicado al mundo del misterio, una nueva forma de ver los casos de ayer y de hoy. Puedes escucharnos todas las semanas en IVOOX. El Podcast es dirigido y presentado por Alberto Hern\u00e1ndez, y yo tengo el rol de copresentador, participando activamente en las tertulias semanales [&hellip;]<\/p>\n","protected":false},"author":1,"featured_media":0,"parent":0,"menu_order":0,"comment_status":"closed","ping_status":"closed","template":"","meta":{"footnotes":""},"class_list":["post-481","page","type-page","status-publish","hentry"],"_links":{"self":[{"href":"https:\/\/www.elkowalsky.com\/index.php\/wp-json\/wp\/v2\/pages\/481","targetHints":{"allow":["GET"]}}],"collection":[{"href":"https:\/\/www.elkowalsky.com\/index.php\/wp-json\/wp\/v2\/pages"}],"about":[{"href":"https:\/\/www.elkowalsky.com\/index.php\/wp-json\/wp\/v2\/types\/page"}],"author":[{"embeddable":true,"href":"https:\/\/www.elkowalsky.com\/index.php\/wp-json\/wp\/v2\/users\/1"}],"replies":[{"embeddable":true,"href":"https:\/\/www.elkowalsky.com\/index.php\/wp-json\/wp\/v2\/comments?post=481"}],"version-history":[{"count":7,"href":"https:\/\/www.elkowalsky.com\/index.php\/wp-json\/wp\/v2\/pages\/481\/revisions"}],"predecessor-version":[{"id":735,"href":"https:\/\/www.elkowalsky.com\/index.php\/wp-json\/wp\/v2\/pages\/481\/revisions\/735"}],"wp:attachment":[{"href":"https:\/\/www.elkowalsky.com\/index.php\/wp-json\/wp\/v2\/media?parent=481"}],"curies":[{"name":"wp","href":"https:\/\/api.w.org\/{rel}","templated":true}]}}

<p class="has-text-align-center">Hombres de Negro es un Podcast de Ivoox Originals, dedicado al mundo del misterio, una nueva forma de ver los casos de ayer y de hoy.</p>



<p class="has-text-align-center"><a href="https://www.ivoox.com/podcast-hombres-negro_sq_f1626624_1.html">Puedes escucharnos todas las semanas en IVOOX.</a></p>


<div class="wp-block-image">
<figure class="aligncenter size-full"><a href="https://www.ivoox.com/podcast-hombres-negro_sq_f1626624_1.html"><img fetchpriority="high" decoding="async" width="800" height="418" src="https://www.elkowalsky.com/wp-content/uploads/2023/11/F7mY4tjXMAAf7dW.png" alt="" class="wp-image-482" srcset="https://www.elkowalsky.com/wp-content/uploads/2023/11/F7mY4tjXMAAf7dW.png 800w, https://www.elkowalsky.com/wp-content/uploads/2023/11/F7mY4tjXMAAf7dW-324x169.png 324w, https://www.elkowalsky.com/wp-content/uploads/2023/11/F7mY4tjXMAAf7dW-416x217.png 416w, https://www.elkowalsky.com/wp-content/uploads/2023/11/F7mY4tjXMAAf7dW-300x157.png 300w, https://www.elkowalsky.com/wp-content/uploads/2023/11/F7mY4tjXMAAf7dW-768x401.png 768w" sizes="(max-width: 800px) 100vw, 800px" /></a></figure></div>


<p class="has-text-align-center">El Podcast es dirigido y presentado por Alberto Hernández, y yo tengo el rol de copresentador, participando activamente en las tertulias semanales del programa. Asimismo, tengo el placer de contar con mi propia sección mensual, la cual lleva por nombre «LEYENDAS VIRALES». En este apasionante proyecto, cuento con la compañía y colaboración de un talentoso equipo compuesto por Joni BL, Miguel Ángel Linares, Milarca, Gerald Dean, Macarena de Rosa, Christian Campos, Lourdes Miranda, Araknne y Alberto Guzmán. Un equipo multidisciplinar que aporta una gran variedad de puntos de vista sobre el mundo del misterio. </p>


<div class="wp-block-image">
<figure class="aligncenter size-full"><img decoding="async" width="499" height="351" src="https://www.elkowalsky.com/wp-content/uploads/2023/11/Jornada-Misterio-Poza-de-la-Sal.png" alt="" class="wp-image-497" srcset="https://www.elkowalsky.com/wp-content/uploads/2023/11/Jornada-Misterio-Poza-de-la-Sal.png 499w, https://www.elkowalsky.com/wp-content/uploads/2023/11/Jornada-Misterio-Poza-de-la-Sal-324x228.png 324w, https://www.elkowalsky.com/wp-content/uploads/2023/11/Jornada-Misterio-Poza-de-la-Sal-416x293.png 416w, https://www.elkowalsky.com/wp-content/uploads/2023/11/Jornada-Misterio-Poza-de-la-Sal-300x211.png 300w" sizes="(max-width: 499px) 100vw, 499px" /></figure></div>


<p class="has-text-align-center">Uno de nuestros proyectos insignia dentro de Hombres de Negro, es la organización anual de las Jornadas de Misterio y Enigmas Históricos de Poza de la Sal. </p>



<div class="wp-block-columns is-layout-flex wp-container-core-columns-is-layout-1 wp-block-columns-is-layout-flex">
<div class="wp-block-column is-layout-flow wp-block-column-is-layout-flow">
<figure class="wp-block-gallery has-nested-images columns-default is-cropped wp-block-gallery-1 is-layout-flex wp-block-gallery-is-layout-flex">
<figure class="wp-block-image size-large"><img decoding="async" width="367" height="271" src="https://www.elkowalsky.com/wp-content/uploads/2023/11/magic-internacional-2-4.png" alt="" class="wp-image-511" srcset="https://www.elkowalsky.com/wp-content/uploads/2023/11/magic-internacional-2-4.png 367w, https://www.elkowalsky.com/wp-content/uploads/2023/11/magic-internacional-2-4-324x239.png 324w, https://www.elkowalsky.com/wp-content/uploads/2023/11/magic-internacional-2-4-300x222.png 300w" sizes="(max-width: 367px) 100vw, 367px" /></figure>
</figure>
</div>



<div class="wp-block-column is-layout-flow wp-block-column-is-layout-flow">
<figure class="wp-block-gallery has-nested-images columns-default is-cropped wp-block-gallery-2 is-layout-flex wp-block-gallery-is-layout-flex">
<figure class="wp-block-image size-large"><img loading="lazy" decoding="async" width="369" height="276" src="https://www.elkowalsky.com/wp-content/uploads/2023/11/magic-internacional-5.png" alt="" class="wp-image-510" srcset="https://www.elkowalsky.com/wp-content/uploads/2023/11/magic-internacional-5.png 369w, https://www.elkowalsky.com/wp-content/uploads/2023/11/magic-internacional-5-324x242.png 324w, https://www.elkowalsky.com/wp-content/uploads/2023/11/magic-internacional-5-300x224.png 300w" sizes="(max-width: 369px) 100vw, 369px" /></figure>
</figure>
</div>



<div class="wp-block-column is-layout-flow wp-block-column-is-layout-flow">
<figure class="wp-block-gallery has-nested-images columns-default is-cropped wp-block-gallery-3 is-layout-flex wp-block-gallery-is-layout-flex">
<figure class="wp-block-image size-large"><img loading="lazy" decoding="async" width="369" height="274" src="https://www.elkowalsky.com/wp-content/uploads/2023/11/magic-internacional-1-3.png" alt="" class="wp-image-509" srcset="https://www.elkowalsky.com/wp-content/uploads/2023/11/magic-internacional-1-3.png 369w, https://www.elkowalsky.com/wp-content/uploads/2023/11/magic-internacional-1-3-324x241.png 324w, https://www.elkowalsky.com/wp-content/uploads/2023/11/magic-internacional-1-3-300x223.png 300w" sizes="(max-width: 369px) 100vw, 369px" /></figure>
</figure>
</div>
</div>



<p class="has-text-align-center">En Hombres de Negro hemos participado como ponentes en el MAGIC INTERNACIONAL, la feria más importante a nivel europeo de espiritualidad, esoterismo y misterio. En nuestra ponencia logramos llenar uno de los auditorio realizando nuestro podcast en directo delante de más 100 personas.</p>


<div class="wp-block-image">
<figure class="aligncenter size-full"><img loading="lazy" decoding="async" width="371" height="463" src="https://www.elkowalsky.com/wp-content/uploads/2023/11/hombres-de-negro-en-directo.png" alt="" class="wp-image-512" srcset="https://www.elkowalsky.com/wp-content/uploads/2023/11/hombres-de-negro-en-directo.png 371w, https://www.elkowalsky.com/wp-content/uploads/2023/11/hombres-de-negro-en-directo-324x404.png 324w, https://www.elkowalsky.com/wp-content/uploads/2023/11/hombres-de-negro-en-directo-240x300.png 240w" sizes="(max-width: 371px) 100vw, 371px" /></figure></div>


<div class="wp-block-columns is-layout-flex wp-container-core-columns-is-layout-2 wp-block-columns-is-layout-flex">
<div class="wp-block-column is-layout-flow wp-block-column-is-layout-flow"><div class="wp-block-image">
<figure class="aligncenter size-full"><img loading="lazy" decoding="async" width="371" height="276" src="https://www.elkowalsky.com/wp-content/uploads/2023/11/hombres-de-negro-en-directo-1.png" alt="" class="wp-image-513" srcset="https://www.elkowalsky.com/wp-content/uploads/2023/11/hombres-de-negro-en-directo-1.png 371w, https://www.elkowalsky.com/wp-content/uploads/2023/11/hombres-de-negro-en-directo-1-324x241.png 324w, https://www.elkowalsky.com/wp-content/uploads/2023/11/hombres-de-negro-en-directo-1-300x223.png 300w" sizes="(max-width: 371px) 100vw, 371px" /></figure></div></div>



<div class="wp-block-column is-layout-flow wp-block-column-is-layout-flow"><div class="wp-block-image">
<figure class="aligncenter size-full"><img loading="lazy" decoding="async" width="373" height="277" src="https://www.elkowalsky.com/wp-content/uploads/2023/11/hombres-de-negro-en-directo-2.png" alt="" class="wp-image-514" srcset="https://www.elkowalsky.com/wp-content/uploads/2023/11/hombres-de-negro-en-directo-2.png 373w, https://www.elkowalsky.com/wp-content/uploads/2023/11/hombres-de-negro-en-directo-2-324x241.png 324w, https://www.elkowalsky.com/wp-content/uploads/2023/11/hombres-de-negro-en-directo-2-300x223.png 300w" sizes="(max-width: 373px) 100vw, 373px" /></figure></div></div>
</div>



<p class="has-text-align-center">En Hombres de Negro también hemos indicado un proyecto de Podcast en directo en lugares emblemáticos, nuestro primer evento se realizó en LA REINA LAGARTA de Madrid, donde realizamos un podcast en directo durante 2h hablando sobre los misterios de Madrid junto a Alberto Hernández, Joni B.L., Miguel Linares y Álvaro Anula. </p>


<div class="wp-block-image">
<figure class="aligncenter size-large is-resized"><img loading="lazy" decoding="async" width="720" height="1024" src="https://www.elkowalsky.com/wp-content/uploads/2024/03/Captura-de-pantalla-2024-03-21-a-las-22.47.30-720x1024.png" alt="" class="wp-image-732" style="aspect-ratio:0.7034938621340887;width:415px;height:auto" srcset="https://www.elkowalsky.com/wp-content/uploads/2024/03/Captura-de-pantalla-2024-03-21-a-las-22.47.30-720x1024.png 720w, https://www.elkowalsky.com/wp-content/uploads/2024/03/Captura-de-pantalla-2024-03-21-a-las-22.47.30-324x461.png 324w, https://www.elkowalsky.com/wp-content/uploads/2024/03/Captura-de-pantalla-2024-03-21-a-las-22.47.30-416x591.png 416w, https://www.elkowalsky.com/wp-content/uploads/2024/03/Captura-de-pantalla-2024-03-21-a-las-22.47.30-211x300.png 211w, https://www.elkowalsky.com/wp-content/uploads/2024/03/Captura-de-pantalla-2024-03-21-a-las-22.47.30-768x1092.png 768w, https://www.elkowalsky.com/wp-content/uploads/2024/03/Captura-de-pantalla-2024-03-21-a-las-22.47.30-1081x1536.png 1081w, https://www.elkowalsky.com/wp-content/uploads/2024/03/Captura-de-pantalla-2024-03-21-a-las-22.47.30-1441x2048.png 1441w, https://www.elkowalsky.com/wp-content/uploads/2024/03/Captura-de-pantalla-2024-03-21-a-las-22.47.30.png 1490w" sizes="(max-width: 720px) 100vw, 720px" /></figure></div>

<div class="wp-block-image">
<figure class="aligncenter size-large is-resized"><img loading="lazy" decoding="async" width="1024" height="745" src="https://www.elkowalsky.com/wp-content/uploads/2024/03/Captura-de-pantalla-2024-03-21-a-las-22.47.21-1024x745.png" alt="" class="wp-image-734" style="aspect-ratio:1.374384236453202;width:415px;height:auto" srcset="https://www.elkowalsky.com/wp-content/uploads/2024/03/Captura-de-pantalla-2024-03-21-a-las-22.47.21-1024x745.png 1024w, https://www.elkowalsky.com/wp-content/uploads/2024/03/Captura-de-pantalla-2024-03-21-a-las-22.47.21-324x236.png 324w, https://www.elkowalsky.com/wp-content/uploads/2024/03/Captura-de-pantalla-2024-03-21-a-las-22.47.21-416x303.png 416w, https://www.elkowalsky.com/wp-content/uploads/2024/03/Captura-de-pantalla-2024-03-21-a-las-22.47.21-300x218.png 300w, https://www.elkowalsky.com/wp-content/uploads/2024/03/Captura-de-pantalla-2024-03-21-a-las-22.47.21-768x559.png 768w, https://www.elkowalsky.com/wp-content/uploads/2024/03/Captura-de-pantalla-2024-03-21-a-las-22.47.21-1536x1118.png 1536w, https://www.elkowalsky.com/wp-content/uploads/2024/03/Captura-de-pantalla-2024-03-21-a-las-22.47.21-2048x1490.png 2048w" sizes="(max-width: 1024px) 100vw, 1024px" /></figure></div>


<p class="has-text-align-center">El pasado 9 de marzo de 2024 Hombres de Negro volvimos a nuestra casa madrileña LA REINA LAGARTA para celebrar las II CHARLAS de HDN, en esta ocasión contamos con la colaboración de Mercedes Pullman, Álvaro Anula y Macarena de Rosa.</p>

<p>Hombres de Negro es un Podcast de Ivoox Originals, dedicado al mundo del misterio, una nueva forma de ver los casos de ayer y de hoy. Puedes escucharnos todas las semanas en IVOOX. El Podcast es dirigido y presentado por Alberto Hernández, y yo tengo el rol de copresentador, participando activamente en las tertulias semanales [&hellip;]</p>
